91 = 0. Let l be 8/(-10)*6/(12/h). Suppose 3353 = 5*k + l. Is k composite?
True
Suppose -16*o - 178304 = -23*o. Suppose -20377 = -4*w + 3*g, 5*w + 0*g - 3*g - o = 0. Is w a composite number?
True
Let r be (-112)/35 + (6/(-10))/(-3). Is ((-1)/r)/((-14)/(-10626)) a composite number?
True
Suppose -2*s + 5*c + 16 = s, -2*c = -s + 6. Suppose s*f + k = 9586, -2*f - 13*k = -14*k - 9578. Is f a prime number?
False
Let i = 22422 + -12792. Let n = i - 4867. Is n prime?
False
Suppose 0 = 11*w + 15 + 7. Is (-7)/w*((-258)/(-2) + 5) a prime number?
False
Let p = -62374 - -134963. Is p a composite number?
True
Let m(z) = -17*z**2 - 5*z**3 + 3*z**3 + 27*z - 71*z + z**3 + 3. Let s be m(-21). Suppose p - 2*o - 230 - 429 = 0, -4*p + s = 3*o. Is p prime?
False
Is 232478/((-46)/(-24) + (-7)/(-84)) composite?
False
Is (7 - (-147152)/(-28))/((-1)/7) a composite number?
False
Let n be 70/6 + (-13)/(-39). Let s be 2/((-4)/6) - n/(-2). Suppose y + s*b = -2*y + 1890, -4*b - 3141 = -5*y. Is y prime?
False
Let o(y) = 28*y**2 + 9*y - 8. Suppose 2*k = -48 - 4. Let d = 31 + k. Is o(d) composite?
True
Let c(p) = 18 + 12 - 61 - 9717*p + 23. Let x be c(6). Is (-2)/(-6) - x/21 a composite number?
False
Suppose -2*n = -2*o + 62840, 0*o - 4*o - 2*n = -125674. Let f = -871 - -873. Is 2*(o/f)/9 prime?
True
Let q(k) = 9*k**2 - 7*k - 30. Let g be q(-9). Let w be g/9*12/8. Suppose -3*n = 2*a + w - 431, -3*a + 4*n + 490 = 0. Is a composite?
True
Let r(d) = -7*d + 103*d**2 - 1 + 16*d + 4 + 10*d**2. Is r(4) composite?
False
Suppose 2*l = -3*p + 10, 2*p + 0*p = 3*l - 2. Suppose 2*r = -0*g - l*g - 2790, -r = 2*g + 1391. Is ((-9)/(-9))/(-1 - 1400/r) composite?
False
Suppose 19*s - 319972 = 76520. Suppose 19*c = 31*c - s. Is c a prime number?
False
Suppose -4*o - 64 = 4*j, -3*o + o = -5*j + 46. Let r = -14 - o. Suppose 2226 = 5*c + 2*u, -5*u + 1328 = -c + r*c. Is c prime?
False
Let c(l) = 23832*l - 961. Is c(3) a prime number?
False
Suppose 3*w - 22*r = -21*r + 168319, 2*w = 4*r + 112206. Is w prime?
False
Let k(t) = 37445*t**2 - 10*t + 10. Is k(1) prime?
False
Let t(p) = 276*p + 137. Let g be 164/10 + 34/(-85). Is t(g) composite?
True
Suppose -1074088 = -4*l + 2*k, l - 84*k + 83*k - 268520 = 0. Let g = l + -183523. Is g a composite number?
True
Let k = -119266 + 320793. Is k a composite number?
True
Let q(a) = -a**3 + 73*a**2 - 617*a - 113. Is q(63) a composite number?
True
Suppose 12*n + 126882 = -519066. Is 1/((-15)/n) + (-16)/(-40) a prime number?
False
Let m = 1802 - 2577. Let z be 4/(4 - (-3090)/m). Suppose 2*a = -2*s + z + 38, 5*s + 376 = 2*a. Is a composite?
True
Suppose 0 = -5*j - 2*j + 2534. Let c = j + 407. Is c a prime number?
True
Suppose 2*f = -8, -3*f - 2*f + 4354 = 3*m. Suppose 0 = -6*h + 4*h + m. Let g = h + -96. Is g composite?
True
Let r(k) = -10*k**3 + 21*k**2 - 2*k - 4. Suppose 5*j = -3*x + 8*j - 51, 2*j + 26 = -2*x. Is r(x) composite?
False
Suppose d = -4*d - 1505. Let z = d + 509. Suppose -r + z = -313. Is r prime?
True
Suppose -3*r - 9*n + 5*n + 23910 = 0, 0 = 2*r + 4*n - 15944. Let k = r + -4377. Is k a composite number?
True
Let o = 65 + -103. Let i be 3898/22 + (-3798)/198 + 19. Let c = i + o. Is c a prime number?
True
Suppose -d = 0, 0*d = 5*y - 2*d - 2490. Suppose -637 = -a - 2*h, -5*h = -4*a - y + 2981. Let n = a + -328. Is n a composite number?
True
Let r(c) = 79*c + 27. Let f be r(14). Let m = f - 456. Is m composite?
False
Suppose 5*b - 2*a - 38 = 0, 4*b - 2*a - 22 = b. Suppose -w = -2*w - b. Is (-1 + 4 - w)*13 prime?
False
Let u = 29 - 15. Suppose -21*w + u*w = -4403. Is w composite?
True
Suppose l = 4*l + 15, 3*i = -5*l - 43. Let c be (20/i)/(11/16797). Is (1 + -2)/(10/c) a composite number?
False
Let g(q) be the third derivative of 32*q**2 + 0 + 1/6*q**3 + 0*q - 623/24*q**4. Is g(-2) composite?
True
Is 31/(-155) - (-460536)/5 composite?
False
Suppose 56952 = -2*v + 5*v. Suppose 51552 = 24*w - v. Is w a composite number?
False
Suppose 0 = -6*v + 2*h + 2236432, 107466 + 1756224 = 5*v - 5*h. Is v composite?
False
Suppose -686 - 394 = -8*y. Let j = y - -1704. Is j a prime number?
False
Suppose -2*j + 3*f = 6, j + 4*f - 11 = 2*f. Let i = j + -14. Is (i/2)/(4 - (-171)/(-42)) composite?
True
Let f be 7/(49/(-42)) + 7. Is ((-3139)/f - -2)/(-1) prime?
True
Let f(i) = 6*i**2 + 11 - 81*i**3 + 80*i**3 + 2 - 6*i. Let s be f(5). Let q(l) = 3*l**2 - l + 33. Is q(s) a composite number?
True
Suppose 6*k - 2364 = 1128. Suppose -3*v + 1491 = 2*a + 602, 2*v - k = 4*a. Is v a composite number?
True
Let y(b) = 9*b**3 - 9*b**2 - 10*b - 1. Let l(a) = 8*a**3 - 9*a**2 - 11*a - 1. Let h(z) = -7*l(z) + 6*y(z). Suppose 14 = 262*v - 264*v. Is h(v) prime?
True
Suppose 38*k - 10695912 = 34*k - m, -3*k - m + 8021935 = 0. Is k prime?
True
Suppose -683*b = -675*b - 32. Suppose 29*g = 26*g + 6, b*g = 4*v - 1040. Is v composite?
True
Let f(k) = -67*k + 84. Let o be (10/15)/((-10)/75) - 6. Is f(o) a composite number?
False
Let m be 2/(5/170*-4). Let n be 4 + -2 + 0 - 98. Let u = m - n. Is u a composite number?
False
Suppose 0 = f - 3*l + 1, 5*l = 2*l + 6. Suppose -3*u - 4*i - f = 0, 0 = 5*u - 0*u - 5*i - 50. Suppose w = -2*b + 3*b - 165, 3*b + u*w = 479. Is b composite?
False
Let d = 404 + -417. Let x(s) = 20*s**2 + 3*s - 14. Is x(d) composite?
True
Suppose 48*t - 42*t - 18 = 0. Suppose -a - 5*b + 1187 = -951, t*a = -b + 6456. Is a a prime number?
True
Let w be ((-40)/15)/8*-55869. Suppose -93*p + 104*p = w. Is p a composite number?
False
Let h = -5670 - -13888. Suppose 0 = -s + 3*s - 5*c + 10275, -4*c = -4. Let g = h + s. Is g prime?
True
Let n(c) be the second derivative of 17*c**5/2 - c**4/4 - 25*c**2/2 - 2*c - 42. Is n(6) prime?
True
Suppose 226563 = 44*z - 56298 - 179007. Is z prime?
False
Let g = -221 + 218. Let q(x) = -3*x**2 + 8*x**2 + 4 + 41*x**2 + 3*x + 12*x**2. Is q(g) a prime number?
False
Suppose -c = -3*n - 1668, n = -5*c + 8938 - 582. Let z = -1828 + 676. Let i = c + z. Is i prime?
False
Suppose -c = -4*c. Let v = -80 - -451. Suppose -x = -c*x - v. Is x a prime number?
False
Suppose 64*x - 1491438 = -14*x. Is x a prime number?
True
Let z be (0 + 0)/(-4 + 1). Suppose z = -10*x + 7*x + 309. Let h = x - -556. Is h a composite number?
False
Let q(m) = 9*m - 1. Let j be q(7). Let g = -60 + j. Suppose -5*l + 3445 = -g*l - 4*x, l + 5*x = 1161. Is l prime?
True
Suppose 0 = -10*z + 15*z - 635795. Is z composite?
True
Let f(x) = -83*x**3 - x**2 - 35*x - 63. Is f(-8) a composite number?
False
Let c(q) = 2*q + 4. Suppose 2*b = -2 - 8, 0 = -2*t - 4*b - 22. Let u be c(t). Is 216 - 1 - (u + -4) a prime number?
False
Let z = 349164 + -214973. Is z a prime number?
True
Is (-122825)/(-1) + 6 + 13 + -13 prime?
False
Let y(d) = 692*d**2 - 36*d - 193. Is y(-5) a composite number?
True
Suppose -37*d + 367332 = -15*d + 62*d. Is d a prime number?
True
Let t = 20704 - 10017. Is t composite?
False
Let a(j) = 268 - 39*j - 82*j + 185*j + 103*j + 118*j. Is a(11) a composite number?
True
Suppose -3*u + 45 = 3*x, 12*x - 4*u - 20 = 11*x. Suppose -35*g + 1577 = -x*g. Is g composite?
False
Let p = 103 + -97. Let g(c) = 353*c + 85. Is g(p) a composite number?
False
Suppose -6*u = 19087 - 542707. Suppose -44892 - u = -6*t. Is t a composite number?
False
Let w = 4199 + -2488. Let y be 2*(8/(-10))/((-32)/80). Suppose y*p - 1693 = w. Is p a prime number?
False
Let b(t) = -t**3 - 8*t**2 - 8*t - 1. Let p = -108 - -101. Let r be b(p). Suppose 12108 = 6*n + r*n. Is n composite?
False
Let y(a) = 1516*a + 919. Is y(39) composite?
True
Suppose 15*d + 217 = 37. Let t be 1/(-2)*60208/d*3. Suppose 5*c = t + 7889. Is c composite?
False
Suppose 1069574 = 254*t - 232*t. Is t composite?
True
Let o = 150002 + -7753. Is o a composite number?
True
Suppose -3*f + 94286 = 5*x, -x - 4*x + f + 94298 = 0. Is x composite?
False
Let u be 42/(-4)*(608/48)/19. Is (-9 - u)*31492/(-8) a composite number?
False
Let b = 37703 - 11844. Is b composite?
True
Is 186/124 - 124646*(-1)/4 a prime number?
False
Suppose -5*j - 4 = 1, -2*a - 4*j = -4. Suppose -a*h + 2*d - 2032 = -6*h, -3*d = -h + 1012. Suppose 0*k + 5*k = h. Is k a prime number?
False
Suppose -o - 4*o + 17161869 = b, 5*o + 4*b - 17161881 = 0. Is o a composite number?
True
Is (3/2)/(5/((-35938340)/(-51))) a composite number?
True
Let m(r) = 4*r**3 + 459*r**2 + 23*r - 125. Is m(-111) a c